. What are the prime factors of m?
2, 3
Suppose 0 = 5*k + 5*x + 25, 3*k - 4*x = -1 + 7. Let n be 0/(k + (5 - 1)). Suppose -4*b + 9*b - 25 = n. List the prime factors of b.
5
Suppose 0 = -4*p + 57 + 31. What are the prime factors of p?
2, 11
Let s be -3 - 5/((-10)/6). Suppose -o + 8 + 9 = s. What are the prime factors of o?
17
Suppose 4 = s - 1. Suppose s*k - 8 = 2. List the prime factors of k.
2
Let h(n) = n - 6. Let t be h(9). Suppose 3*j - 60 = -t*b, j - 5 + 23 = b. What are the prime factors of b?
19
Let t(w) = w**2 - 6*w + 7. Let s be ((-2)/(-6))/((-8)/(-120)). What are the prime factors of t(s)?
2
Let p(s) = -4*s - 1. Let j be p(-1). Let y(f) = 6*f**2 - f**j + 3 - 6*f - 3. What are the prime factors of y(4)?
2
Suppose 0 = -3*t + 4*v - 11, -t = 2*t - 3*v + 9. Let y be 1/((2/(-4))/t). Suppose u = 2*k - 16, 3*k + y*u = 2*k + 13. List the prime factors of k.
3
Let o(u) = 4*u**3 + u**2. Let i be o(-1). Let w(l) = -l**2 - 7*l - 5. Let r be w(-4). Let g = r + i. What are the prime factors of g?
2
Let a(h) be the first derivative of h**4/4 - 2*h**3 - 4*h**2 + 9*h - 2. List the prime factors of a(7).
2
Let n(b) = b - 6. Let x be n(4). Let y be 3/6*(9 - -1). Let s = x + y. What are the prime factors of s?
3
Let o(z) = -z**3 + 6*z**2 - 7*z + 6. Let v be o(9). Let i be v/(-21) - (-4)/(-14). List the prime factors of 4/i - 165/(-35).
5
Suppose x + s - 12 = -3*s, 3*x - s - 23 = 0. Let r = 14 - x. Suppose -f + 0 = -r. List the prime factors of f.
2, 3
Let w = 6 + -5. Suppose -2*i = 2*j - 42, 3*j - i = -0*j + 51. Suppose 0 = -y - w + j. List the prime factors of y.
17
Let b = 3 - -1. Let k be (-2)/b*-1*2. List the prime factors of -7*-2*k/2.
7
Let q(t) = 3*t - 3. Let d(x) = -2*x + 2. Let a(m) = -5*d(m) - 3*q(m). Let s(w) = 4*w**3 - w**2 + w - 1. Let z be s(1). What are the prime factors of a(z)?
2
Suppose -4*x + 185 = -19. List the prime factors of x.
3, 17
Let y = 10 - 6. Suppose -y*p = -31 - 213. What are the prime factors of p?
61
Let v = 4 + -4. Let t be 1*(v + 0 + -1). List the prime factors of 2 - (t - 1)*5.
2, 3
Let v(c) = -2*c - 4. Let o be v(-3). Suppose -2*y = f - 7, y + 0*y + f = 4. Suppose 19 = y*i - o. List the prime factors of i.
7
Suppose 0 = 3*l - 4*l - 116. What are the prime factors of (-2)/6 - l/6?
19
Let j(s) = 9*s**2 + 4*s + 2. Suppose 1 = b, 5*z + 1 = -5*b - 4. List the prime factors of j(z).
2, 3, 5
Suppose -h + 12 + 23 = 0. List the prime factors of h.
5, 7
Suppose -r = 4*y - 78 - 148, -3*r + 710 = 4*y. List the prime factors of r.
2, 11
Let v = -18 - -21. What are the prime factors of v?
3
Let b = 8 - 5. Suppose 0 = -3*q + 3*t - 2*t + 55, 3*t = -b*q + 51. Suppose q = 4*v - 34. List the prime factors of v.
13
Let f(s) = -5*s**3 + 2*s + 1. Let l be f(-1). Suppose 4*t + 50 = 3*u, -u - 5*t - l = 11. List the prime factors of u.
2, 5
What are the prime factors of 6*33/9 + 3?
5
Let k(l) = -l**3 + 6*l**2 - 3*l - 5. List the prime factors of k(4).
3, 5
Suppose 0 = -14*t + 16*t - 44. List the prime factors of t.
2, 11
Let a(g) be the third derivative of g**4/8 - 5*g**3/6 - 5*g**2. List the prime factors of a(5).
2, 5
What are the prime factors of (-8)/(-2) - (-192)/2?
2, 5
Let r(q) = 2*q - 8. Let x be r(9). Suppose 0*z - z = 3*s + x, 0 = 3*z + 3*s. Suppose -j = -4*y - 0*y - 22, 0 = 5*j + y - z. List the prime factors of j.
2
Let s(i) be the first derivative of -i**4/12 + i**3 + i**2 - i - 3. Let w(j) be the first derivative of s(j). List the prime factors of w(6).
2
Let j(s) be the second derivative of -s**3/2 - 5*s**2 - s. List the prime factors of j(-6).
2
Let t(j) = j - 7. Let o be t(8). Let r = 15 + o. List the prime factors of r.
2
Suppose -5*k - 27 = -2*g, g + 3*k + 4 = -10. Let p be (9/g)/((-3)/(-2)). Let a = p + -4. What are the prime factors of a?
2
Let n(a) = -2*a - 9. Suppose -l + 15 = 3*m - m, -l = m - 10. Suppose -l*t = -r + 39, 3*r - 7 = t + 2*r. List the prime factors of n(t).
7
Suppose -3*p + 292 = p. List the prime factors of p.
73
Let j(o) = o**2 - 11*o + 2. Let s be 56/5 - (-2)/(-10). Let h be j(s). Suppose h*k - 9 = -3. What are the prime factors of k?
3
Let l = -17 - -18. What are the prime factors of (l - -1) + 4 + 0?
2, 3
Let b = 36 + -9. What are the prime factors of b?
3
Let y(j) = 2*j**2 + 4*j + 2. What are the prime factors of y(-6)?
2, 5
Let g = -24 - -59. What are the prime factors of g?
5, 7
Suppose 5 = 5*m - 5. Suppose -24 = o - m*o. What are the prime factors of o?
2, 3
Let k(z) = -3*z - 1. Suppose -j + 5 = -o, 0*j + j + 15 = -3*o. List the prime factors of k(o).
2, 7
Let n be (-187)/(-44) + 2/(-8). List the prime factors of 2/n + (-243)/(-18).
2, 7
List the prime factors of 3 + 1 + 0 + 50.
2, 3
Let j = 76 + -47. Let c(k) = -k**2 + 14*k - 1. Let s be c(13). Let n = j - s. List the prime factors of n.
17
Suppose 248 = -7*a + 9*a. List the prime factors of a.
2, 31
Let m = -4 + 11. Let i(d) = -d**2 + 7*d + 2. Let c be i(m). Suppose -c*j - 10 = 0, -2*j + 0*j - 6 = 2*n. What are the prime factors of n?
2
Let l(y) = 47*y - 40. What are the prime factors of l(5)?
3, 5, 13
Suppose -4*v + n = -110, 130 = 5*v - 0*v - 5*n. List the prime factors of v.
2, 7
Let t(p) = 3*p**2 + 31*p + 34. List the prime factors of t(-14).
2, 47
Suppose 3*o - o = 2*w - 114, 4*o - 249 = -5*w. List the prime factors of w.
53
Suppose -6*k = -2*k - 20. Suppose 9 = -3*x + 5*c, k*x = 3*c + 2 - 1. Let u = 3 + x. What are the prime factors of u?
5
Let y = 0 - 4. Let h = y + 4. Suppose 16 = 2*a - 5*k, -a + h*k - 4*k - 5 = 0. List the prime factors of a.
3
Suppose -6 = -2*o + 2. Suppose 2*s + 8 = 3*y - 4, -2*s = -y + o. What are the prime factors of y?
2
Let m(t) be the first derivative of -5*t**4 + t**3/3 + t**2/2 - t - 2. Let w be m(1). Let y = w - -27. List the prime factors of y.
2
Suppose 52 = 6*l - 2*l. Let n(z) = 24*z + 5. Let u be n(2). Suppose 5*a + l = u. What are the prime factors of a?
2
List the prime factors of 4 + (-6 - 0) - -44.
2, 3, 7
Let c(j) = j**2 - 10*j + 1. Let s be c(7). Suppose -h = -x + 34, -2*x = h + 3*x + 22. Let z = s - h. What are the prime factors of z?
2, 3
Let t = 8 - 10. Let a = t - -17. What are the prime factors of a?
3, 5
Suppose 11*w = 12*w - 79. List the prime factors of w.
79
Let d(l) = -2*l**3 - 4*l**2 + 14 + l**3 + 0*l**3 + 5*l**2. What are the prime factors of d(0)?
2, 7
Let a be (-58)/4 - 6/4. Let j(r) = -r**3 - 17*r**2 - 17*r + 6. List the prime factors of j(a).
2, 11
List the prime factors of (2*2)/(32/2688).
2, 3, 7
Suppose -2*z + 3*z - 15 = 0. Suppose 4 = t + 7*m - 2*m, 2*t - z = -3*m. Suppose t = -3*s + 27. List the prime factors of s.
2, 3
Suppose 0 = -4*d - 3 - 13. Let g(a) be the third derivative of -a**4/8 - 2*a**3/3 + 2*a**2. What are the prime factors of g(d)?
2
Let q be (-414)/(-15) + 6/15. Let h = q - 11. List the prime factors of h.
17
Let d(t) = -t**3 + 7*t**2 + 5*t - 15. List the prime factors of d(6).
3, 17
Let l = 320 + -109. What are the prime factors of l?
211
Let t be 6 - (-16)/((-8)/2). What are the prime factors of (t + 1)/(-3) - -57?
2, 7
Let t(r) = r**3 + 6*r**2 - 4. Suppose -30 = 2*d + 3*d. Let a be t(d). What are the prime factors of (4 + -6)*(a + 0)?
2
Suppose 0 = -3*n - n + 240. List the prime factors of n.
2, 3, 5
Let y(k) = -k**2 + 6*k - 3. Suppose -r = -2, -4*i + 2*r + 28 = 6*r. Let u be y(i). Suppose 5*o - 57 = -u. What are the prime factors of o?
11
Suppose -a + 47 = 3*k + 16, 0 = -4*a - 5*k + 103. What are the prime factors of a?
2, 11
Suppose 0 = -3*s + 2*v - 1 + 10, 0 = 5*s + 5*v - 15. List the prime factors of s.
3
Let j be ((-2)/(-5))/(3/15). Let a be 7 - (2 + j + -2). What are the prime factors of 11/a + (-2)/10?
2
Suppose 3*v - 1 - 5 = 0. Suppose v*u - n - 11 = 0, 2*u + u = 5*n + 34. What are the prime factors of u?
3
Let p = 13 - 17. Let g(b) = b**2 + 3*b + 5. List the prime factors of g(p).
3
Let v = 17 + -12. Suppose -5*g + 44 + 16 = -a, a = -v*g + 70. List the prime factors of g.
13
Suppose -3*k = -4*z - 4*k + 1047, z = 5*k + 246. What are the prime factors of z?
3, 29
Suppose 0 = 3*z - 2*s - 6, 2*z - 1 = s + 2. Suppose 2*r = -5*a + 42, -4 = -a - z. Let b = r - 4. What are the prime factors of b?
7
Let v be (-1)/(7/(-2) + 3). Suppose u = v*z - 1, z + 2*u = 4*z + 1. What are the prime factors of z?
3
Let g be (-31)/(-3) - (-6)/(-18). Suppose -3*z - 1 - 8 